) = 5*i - 1. Let k = 6 - 7. Calculate d(k).
-6
Let s(q) = q**2 + q - 1. Let r be s(-3). Let b(p) = 6*p**2 - 2*p**2 - 3*p**2 - 5*p. Determine b(r).
0
Let l(n) = -n**2 + 7*n - 7. Suppose 4*k + 24 - 68 = 0. Let t(c) = c**2 + 2*c - 6. Let y be t(0). Let s = k + y. What is l(s)?
3
Let z(y) = -y + 4. Suppose 5*o + 25 = 4*r, r + 4 = -o - 1. Determine z(r).
4
Let w(m) = -m**2 + 8*m - 9*m + 0*m**3 + m**3. Determine w(1).
-1
Let u(x) = -4*x**2 - x**2 - 8*x + 3*x**2 + x**2 - 10. Calculate u(-7).
-3
Let k(t) be the third derivative of t**7/2520 + t**6/144 - t**5/20 + 4*t**2. Let z(f) be the third derivative of k(f). Calculate z(-5).
-5
Let i(n) be the first derivative of 1/2*n**2 + 6*n - 4. Determine i(0).
6
Suppose 2 = -2*o - 0*o. Let f(x) = 3*x**3 + x**3 - 13*x**3. Calculate f(o).
9
Let m(j) = -j - 2. Let s = 4 + -6. Let o(x) be the first derivative of x**3/3 + x**2 + 2*x - 18. Let y be o(s). Determine m(y).
-4
Let v(d) = d + 1. Suppose 16*s + 22 = 5*s. What is v(s)?
-1
Let k(u) = -4*u**3 + 8*u**2 + 3*u + 2. Let p(x) = x**3 - x - 1. Let h(t) = -k(t) - 3*p(t). What is h(8)?
1
Let j(u) = -7*u - 3. Let z be j(-2). Let b(h) = h**2 + 9*h + 9. Let r(d) = 3*d**2 + 26*d + 26. Let f(v) = z*b(v) - 4*r(v). What is f(-4)?
-1
Let d(m) = -m - 1. Let o(g) = g**2 + g - 13. Let r(b) = 5*d(b) - o(b). Give r(-8).
-8
Let c = -8 - -14. Let o(a) = 4 - c + a - 7. Give o(4).
-5
Let c(f) = -f**3 + 5*f**2 - 4*f + 1. Let g(l) = 1 + 0*l + 2*l - 3*l. Suppose 15 = -8*r + 3*r. Let z be g(r). Determine c(z).
1
Let z(g) be the third derivative of -g**6/120 - g**5/20 - g**4/8 + 11*g**2. Calculate z(-3).
9
Let v(q) be the first derivative of -q**4/4 - q**3/3 + 2*q - 3. Let o(b) = b**2 + 7*b + 5. Let m be o(-5). Let z be 11/m + (-1)/(-5). Determine v(z).
6
Let q(d) = -2*d - 9. Let s be 35/(-4) + (-12)/48. Determine q(s).
9
Let f = -7 - -4. Let l(i) = -2*i - 2. Let a be l(f). Let o(g) = -g - 2. What is o(a)?
-6
Let p(r) = r**3 - 10*r**2 - 26*r + 23. Let y be p(12). Let g(o) = 16*o - 1. Give g(y).
-17
Suppose -2*o = 3*o. Suppose -2*l + 6 = -o*l. Let p(z) = -13*z**2 + z - 5. Let c(i) = -58*i**2 + 3*i - 21. Let u(k) = -2*c(k) + 9*p(k). Calculate u(l).
-3
Let n be (-3)/(-4)*4 - 0. Let k(p) = 7*p - 1. Determine k(n).
20
Let f be 1 + 1 - (2 - -2). Let h(l) be the second derivative of -1/20*l**5 - 1/2*l**2 - 5*l - 1/2*l**3 - 1/6*l**4 + 0. What is h(f)?
5
Let v(g) = g**2 + 9*g + 7. Suppose -88 = 10*q + q. Give v(q).
-1
Let s(o) = 12*o - 11*o + 3*o**2 + 1 - 1. Let l = 4 - 3. Give s(l).
4
Suppose t + 32 = 2*w - 4*t, -4*w = -2*t - 32. Let q(o) = o**2 - 4*o. Give q(w).
12
Let f(v) = -5*v - 5 - 3*v - v**2 + v**2 - v**2. Give f(-7).
2
Let g = -2 + 7. Suppose g + 5 = 2*a. Let d(q) be the third derivative of q**5/60 - q**4/12 - q**3 + 2*q**2. Determine d(a).
9
Let j(b) be the first derivative of 2*b**3/3 + 3*b**2/2 - b - 26. Give j(-3).
8
Suppose p - 1 = i, p = -4*p. Let c(m) = -4*m**3 + m**2 - m - 1. Let o be c(i). Let d(w) = -2*w**3 + 2*w + 2 + 11*w**2 - 5*w**2 - 9*w + w**3. Give d(o).
-8
Let s(u) = -u**2 - 5*u + 4. Let r = -27 + 20. Calculate s(r).
-10
Let c(z) = z**2 - 3*z - 2. Let u(w) = w**3 + 9*w**2 + 7*w - 5. Let s be u(-8). Give c(s).
-2
Let v = 207 - 205. Let s(w) = w**3 + 2*w**2 - 4*w + 3. Give s(v).
11
Let y(p) be the second derivative of p**5/120 - p**4/12 - p**3/3 - p. Let g(k) be the second derivative of y(k). Determine g(-4).
-6
Let p(j) be the second derivative of -j + 0 + 1/3*j**3 + 3/2*j**2. Calculate p(5).
13
Let c(z) be the second derivative of z**3/3 + z**2/2 + 7*z. What is c(2)?
5
Let m(p) = -2*p**2 - 2*p**3 - 3 + 0*p**3 + 3*p**3 - p + 5. Determine m(2).
0
Suppose -5*o = -9 - 6. Suppose -o*a = -2*a. Let y(w) = -w**2 - 12. What is y(a)?
-12
Let b(a) be the third derivative of 1/2*a**3 + 9*a**2 - 1/24*a**4 + 0*a + 0. Determine b(4).
-1
Let a(z) be the first derivative of -z**3/3 - 5*z**2/2 + 6*z - 9. What is a(-5)?
6
Let s(d) = -3*d - 6. Let h(a) = -a - 11. Suppose -x - 5 = 2*c, 7*x = -5*c + 3*x - 5. Let y be h(c). Let g = 2 + y. Calculate s(g).
6
Let l(b) be the first derivative of b**7/840 + 7*b**6/360 + 7*b**5/120 + 7*b**4/24 - b**3 + 1. Let f(q) be the third derivative of l(q). Calculate f(-6).
1
Let n(s) = 2*s + s**3 - 4 + s - 7*s**2 + 3*s**2. Let p = -22 - -25. Calculate n(p).
-4
Let a(l) = 7*l**2 + l. Let n be a(-1). Let g(m) = 1 - 4*m**2 - m**2 + n*m**2 + 4*m. Let z = 20 + -23. What is g(z)?
-2
Suppose 5 = 2*r - 3*z, -r + 3*r + 3*z + 25 = 0. Let x = -3 - r. Let o(t) = -4*t - 2*t**3 + 9*t**2 - 3*t**x + t**3. Determine o(5).
5
Let c(f) = 2*f**2 + 5*f + 4 + 6*f**2 + f**3 - 13. Let d be c(-7). Let q(o) = -d + 0*o + o + 2. Calculate q(-4).
-7
Let b be (24/(-18))/(1/(-3)). Suppose 2*j - 2 + 4 = 5*r, 4*j - 5*r - 6 = 0. Let d(k) = 0*k**2 - k**2 + k**3 - j*k - 2*k**2 - 2. Determine d(b).
-2
Let a(f) = -f**3 + 6*f**2 + 7*f + 5. Let w be a(7). Suppose w*n = 3*n + 4. Let h(k) = -k + 1. What is h(n)?
-1
Suppose -5*r = -3*c - c - 16, -4*c = 5*r + 16. Let u(q) = q**2 + 4*q + 5. What is u(c)?
5
Let d(o) be the first derivative of o**5/60 - o**2/2 - 3. Let v(a) be the second derivative of d(a). Let r be (-8)/12*3/2. Calculate v(r).
1
Let m(i) = 5*i**2 + 3*i - 8. Suppose -g + 9 = -4*g. Let o(k) = 4*k**2 + 3*k - 7. Let a(j) = g*m(j) + 4*o(j). Give a(-3).
-4
Let f = 0 - -3. Let l(w) = f*w**2 + w**3 + 2 + w - 4 - 1 + 1. Let x be -4*(1 - 1/2). What is l(x)?
0
Let p(o) = -3*o**2 + o + 1. Let u be p(-1). Let g(z) be the second derivative of 7*z + 1/20*z**5 + 0 + 3/2*z**2 + 1/3*z**4 + 2/3*z**3. Give g(u).
0
Suppose -2*c - 10 = 2*t - 4*c, 5*t - 2*c + 16 = 0. Let w(r) = 2*r + 1. Let v be w(t). Let u(g) = 2*g + 3. What is u(v)?
-3
Let c(q) be the third derivative of q**5/60 - q**4/3 - 11*q**3/6 + 32*q**2. What is c(9)?
-2
Let q(o) = 6*o**2 - 2*o**2 + 3 - 6*o + 1. Let b be -4 - (-3 - 18/(-3)). Let w(h) = -h**2 + 2*h - 1. Let v(y) = b*w(y) - 2*q(y). Determine v(2).
-9
Let f = 36 - 30. Let u = 8 + -6. Let l(r) = -u - f*r - 1 + 2*r + 3*r. Calculate l(-4).
1
Let c(a) = a**2 + 3*a + 1. Let j(r) = 2*r**2 + 5*r + 1. Let g(b) = 7*c(b) - 4*j(b). Let x = 3 - 5. Let k be ((2 - 2) + x)*-2. What is g(k)?
-9
Suppose -18 = -3*z - 3*g, 3*g = 3*z - 0*g - 18. Let i(a) = -5*a - 5*a**2 - z - 2*a + 0*a - a**3. Give i(-4).
6
Let r(o) = 2*o**3 + 2*o**2 - 4*o + 1. Let f = -97 + 94. Calculate r(f).
-23
Suppose 3*g + 1 = 4*h, -2*g + 1 = 3*h - 4. Let m(l) = 2 - 4*l + 2*l + g. Calculate m(3).
-3
Let a(t) be the third derivative of t**6/120 + t**5/10 + t**4/6 - t**3/3 + 28*t**2 - 1. What is a(-4)?
14
Let l(b) = -b**2 - 9 - 8*b - 4*b**2 + 4*b**2. What is l(-7)?
-2
Let i(k) = 2*k - 3*k - 1 + 4 - 1. Let s be i(2). Let o(v) = -v - 3. What is o(s)?
-3
Let l(d) = -d**3 + 6*d**2 - 7*d + 7. Suppose 0 = 4*b + b - 25. Let p be l(b). Let g(a) = a**2 + 6*a + 3. What is g(p)?
-6
Suppose -16*i - 5 = -11*i. Let p(q) = 6*q. Determine p(i).
-6
Suppose -r = 5*j - 11, 3*r = 3*j + 15 + 36. Suppose 2*p - 6*p - 2*l - r = 0, 0 = -4*p - 5*l - 28. Let c = -1 + p. Let x(v) = -3*v - 4. What is x(c)?
5
Let l(o) = -12*o**2 + 2*o + 1. Let b be l(-1). Let s = b - -26. Let g = -11 + s. Let m(x) = 4*x - 3. What is m(g)?
5
Let j(b) = 6*b**2 - 3*b - 2. Let n(h) = -7*h**2 + 2*h + 3. Let k(y) = -6*j(y) - 5*n(y). Determine k(6).
9
Let j(d) be the first derivative of d**4/4 - 2*d**3 + 2*d**2 + 7*d + 1. What is j(5)?
2
Let c(h) = h**3 + 4*h**2 - 7*h - 6. Let j(q) = q**3 - 14*q**2 + q - 19. Let o be j(14). Determine c(o).
4
Let r(y) = y**2 - 6*y + 6. Let x be r(4). Suppose -6 = 3*f + 3. Let k be 2*(f/x - -1). Let b(g) = -g**3 + 5*g**2 - g - 2. Determine b(k).
-7
Let n(h) = -h**2 - 5*h - 2. Let x(v) = v**2 - 4. Let g be x(0). Let q = -1 + g. Calculate n(q).
-2
Let p = 4 + -7. Let i(q) be the second derivative of -5*q**3/6 - q**2 + q - 19. Determine i(p).
13
Let x(y) = -15*y**3 + y**2 - 1. Let s be x(-1). Suppose d - s = 6*d. Let o(h) = -2*h - 3. Determine o(d).
3
Let m(i) be the third derivative of -17*i**4/24 + i**3/6 - 24*i**2. Suppose -4*x + t - 6 = -0*x, 3*x - 4*t + 11 = 0. Give m(x).
18
Suppose -10 = -2*u - 4. Suppose u*j + 3 = -3. Let r(x) = 4*x**3 + x**2 - x + 2. Let c(y) = -3*y**3 - 2*y**2 - 1. Let k(f) = -3*c(f) - 2*r(f). Calculate k(j).
3
Let m(t) = -t**3 - 3*t**2 + 7*t - 2. Suppose -3 = -c - 8. Calculate m(c).
13
Let t(f) = f**2 - 2*f - 4. Let b(m) = m**3 + 4